ase 9) in base 6?
-5
-1002 (base 3) to base 15
-1e
4 (base 15) to base 5
4
5 (base 11) to base 14
5
-1 (base 8) to base 12
-1
-111 (base 4) to base 5
-41
-20 (base 11) to base 9
-24
What is 77 (base 8) in base 12?
53
Convert -38 (base 11) to base 6.
-105
What is 2 (base 4) in base 7?
2
Convert 1 (base 6) to base 16.
1
-1121 (base 3) to base 10
-43
Convert -11 (base 9) to base 2.
-1010
Convert 41 (base 7) to base 10.
29
What is -100 (base 6) in base 13?
-2a
3 (base 15) to base 12
3
Convert -2 (base 14) to base 8.
-2
Convert a (base 15) to base 14.
a
1 (base 2) to base 4
1
Convert -15 (base 9) to base 16.
-e
What is 106 (base 12) in base 14?
aa
What is -37 (base 13) in base 14?
-34
What is 300 (base 4) in base 15?
33
What is 5 (base 14) in base 6?
5
Convert -35 (base 13) to base 9.
-48
Convert 18 (base 16) to base 3.
220
-1 (base 11) to base 12
-1
What is 4 (base 16) in base 7?
4
25 (base 6) to base 7
23
Convert 100 (base 2) to base 9.
4
-6 (base 8) to base 12
-6
Convert -2 (base 5) to base 6.
-2
Convert 5 (base 14) to base 8.
5
1000011 (base 2) to base 10
67
What is -3 (base 9) in base 7?
-3
-2 (base 13) to base 14
-2
Convert 3 (base 9) to base 7.
3
Convert -1 (base 16) to base 2.
-1
6 (base 12) to base 8
6
199 (base 10) to base 8
307
151 (base 8) to base 4
1221
3 (base 16) to base 12
3
-25 (base 10) to base 2
-11001
What is -10011 (base 2) in base 16?
-13
-92 (base 14) to base 13
-9b
What is 14 (base 5) in base 12?
9
What is 47 (base 10) in base 3?
1202
Convert -333 (base 7) to base 9.
-210
What is -5 (base 12) in base 16?
-5
-79 (base 12) to base 15
-63
What is -7 (base 14) in base 7?
-10
What is 10 (base 2) in base 5?
2
Convert -1001 (base 3) to base 13.
-22
-4 (base 8) to base 15
-4
12 (base 8) to base 9
11
-18 (base 12) to base 4
-110
Convert -34 (base 10) to base 2.
-100010
Convert -4 (base 12) to base 14.
-4
-13 (base 13) to base 7
-22
-5 (base 15) to base 16
-5
What is 16 (base 10) in base 5?
31
Convert 1a (base 13) to base 12.
1b
13 (base 8) to base 3
102
126 (base 8) to base 7
152
What is 0 (base 4) in base 6?
0
Convert -42 (base 11) to base 3.
-1201
-101 (base 2) to base 10
-5
20 (base 4) to base 2
1000
3 (base 16) to base 2
11
What is 40 (base 10) in base 16?
28
What is 52 (base 6) in base 7?
44
-4 (base 8) to base 10
-4
What is -10 (base 6) in base 16?
-6
32 (base 8) to base 6
42
-11 (base 4) to base 16
-5
-20 (base 9) to base 10
-18
-216 (base 7) to base 3
-11010
4 (base 9) to base 14
4
What is 33 (base 12) in base 11?
36
What is 11001 (base 3) in base 15?
74
What is 20 (base 11) in base 8?
26
What is 100 (base 3) in base 5?
14
What is 52 (base 8) in base 13?
33
0 (base 16) to base 15
0
8 (base 14) to base 6
12
-244 (base 5) to base 16
-4a
What is -15 (base 6) in base 16?
-b
Convert -110 (base 4) to base 3.
-202
What is 2 (base 3) in base 12?
2
Convert -6 (base 11) to base 3.
-20
Convert 3 (base 13) to base 5.
3
What is -41 (base 5) in base 9?
-23
What is -1 (base 12) in base 4?
-1
5 (base 12) to base 5
10
Convert 10111000 (base 2) to base 6.
504
What is -b (base 13) in base 5?
-21
Convert 1102 (base 3) to base 11.
35
-78 (base 12) to base 14
-68
Convert 1220 (base 6) to base 5.
2200
Convert 9 (base 10) to base 6.
13
What is -227 (base 11) in base 4?
-10033
Convert 1 (base 7) to base 6.
1
1a2 (base 11) to base 10
233
Convert -4 (base 8) to base 3.
-11
Convert -1011110 (base 2) to base 12.
-7a
What is -44 (base 11) in base 2?
-110000
What is -12 (base 3) in base 9?
-5
-11 (base 12) to base 11
-12
Convert -100100 (base 2) to base 10.
-36
5 (base 14) to base 15
5
What is -111 (base 2) in base 11?
-7
What is -13 (base 14) in base 9?
-18
What is -3 (base 8) in base 12?
-3
Convert -10000 (base 2) to base 8.
-20
-32 (base 7) to base 9
-25
What is 1 (base 9) in base 15?
1
Convert 78 (base 13) to base 8.
143
What is -2 (base 3) in base 9?
-2
Convert 8 (base 13) to base 16.
8
0 (base 15) to base 14
0
What is 2 (base 9) in base 15?
2
72 (base 13) to base 8
135
Convert 32 (base 11) to base 10.
35
-4 (base 8) to base 3
-11
What is -3 (base 12) in base 9?
-3
-5 (base 6) to base 16
-5
What is 13 (base 8) in base 10?
11
Convert 3 (base 15) to base 12.
3
-10 (base 12) to base 9
-13
What is 1 (base 2) in base 5?
1
Convert 187 (base 9) to base 15.
aa
Convert 5a (base 13) to base 14.
55
335 (base 9) to base 13
182
Convert -3 (base 11) to base 12.
-3
What is 3 (base 10) in base 12?
3
What is 38 (base 10) in base 12?
32
Convert -143 (base 6) to base 5.
-223
-113 (base 6) to base 9
-50
What is 32 (base 4) in base 16?
e
Convert -2 (base 12) to base 2.
-10
-2 (base 10) to base 6
-2
12112 (base 3) to base 6
405
-b (base 16) to base 7
-14
What is -100 (base 5) in base 14?
-1b
What is 1000 (base 2) in base 16?
8
What is -102 (base 4) in base 10?
-18
Convert -1 (base 2) to base 15.
-1
Convert 224 (base 5) to base 6.
144
Convert -c (base 16) to base 10.
-12
What is 1 (base 14) in base 15?
1
-5 (base 6) to base 10
-5
What is -1 (base 8) in base 3?
-1
What is 13 (base 4) in base 14?
7
What is -6 (base 16) in base 14?
-6
Convert 0 (base 5) to base 7.
0
106 (base 12) to base 2
10010110
-202 (base 5) to base 8
-64
-63 (base 11) to base 16
-45
Convert d (base 14) to base 15.
d
Convert 2a (base 11) to base 5.
112
Convert -5 (base 10) to base 16.
-5
What is -2 (base 15) in base 14?
-2
Convert -3 (base 10) to base 11.
-3
What is 17 (base 14) in base 4?
111
What is -23 (base 14) in base 10?
-31
Convert 9 (base 10) to base 5.
14
f (base 16) to base 8
17
-15 (base 8) to base 10
-13
Convert 65 (base 7) to base 6.
115
Convert 10 (base 5) to base 3.
12
Convert -4 (base 6) to base 5.
-4
Convert -333 (base 6) to base 8.
-201
What is 4 (base 11) in base 12?
4
What is -4 (base 7) in base 15?
-4
Convert -13 (base 5) to base 16.
-8
75 (base 9) to base 7
125
-56 (base 10) to base 6
-132
Convert 271 (base 8) to base 12.
135
Convert -3 (base 11) to base 10.
-3
Convert 10011101 (base 2) to base 9.
184
What is 2 (base 6) in base 2?
10
136 (base 8) to base 2
1011110
Convert 21 (base 14) to base 7.
41
27 (base 14) to base 11
32
Convert 11 (base 5) to base 4.
12
What is 0 (base 12) in base 11?
0
Convert 9 (base 12) to base 5.
14
Convert 103 (base 9) to base 16.
54
Convert 0 (base 5) to base 11.
0
What is 358 (base 9) in base 2?
100101000
Convert 5 (base 15) to base 11.
5
10000010 (base 2) to base 16
82
What is -19 (base 14) in base 15?
-18
4 (base 15) to base 11
4
-4b (base 12) to base 5
-214
a9 (base 13) to base 14
9d
Convert 87 (base 13) to base 7.
216
Convert -18 (base 12) to base 15.
-15
What is 10 (base 5) in base 4?
11
-56 (base 12) to base 4
-1002
Convert -35 (base 6) to base 9.
-25
6 (base 16) to base 7
6
What is -e (base 15) in base 8?
-16
What is 61 (base 16) in base 4?
1201
Convert 62 (base 9) to base 3.
2002
0 (base 15) to base 5
0
What is 39 (base 14) in base 2?
110011
What is -7 (base 12) in base 3?
-21
Convert -9 (base 14) to base 5.
-14
What is -158 (base 9) in base 12?
-b2
12 (base 4) to base 8
6
-411 (base 5) to base 12
-8a
8 (base 10) to base 3
22
Convert 0 (base 7) to base 6.
0
5 (base 8) to base 7
5
10010 (base 2) to base 3
200
Convert 206 (base 7) to base 10.
104
Convert 315 (base 8) to base 16.
cd
-2 (base 11) to base 8
-2
-1c (base 14) to base 7
-35
What is -23 (base 14) in base 4?
-133
What is 1 (base 9) in base 16?
1
-3 (base 14) to base 4
-3
Convert 2 (base 16) to base 10.
2
What is -1220 (base 3) in base 7?
-102
What is -1011 (base 3) in base 9?
-34
8 (base 9) to base 11
8
What is -2 (base 12) in base 9?
-2
What is -12 (base 7) in base 8?
-11
-1a (base 14) to base 2
-11000
What is 0 (base 2) in base 12?
0
Convert -9 (base 13) to base 8.
-11
What is 4 (base 8) in base 7?
4
What is 1111 (base 4) in base 12?
71
302 (base 4) to base 16
32
Convert 0 (base 12) to base 8.
0
What is 0 (base 11) in base 13?
0
-100 (base 3) to base 11
-9
-4 (base 11) to base 14
-4
Convert -6 (base 14) to base 4.
-12
-20 (base 4) to base 13
-8
What is 143 (base 6) in base 11?
58
Convert 5 (base 10) to base 14.
5
-1b5 (base 13) to base 9
-382
Convert 3 (base 7) to base 13.
3
5 (base 13) to base 9
5
What is -3 (base 6) in base 13?
-3
What is -33 (base 14) in base 4?
-231
-1 (base 15) to base 16
-1
-17 (base 12) to base 14
-15
Convert 1011000 (base 2) to base 5.
323
What is 16 (base 9) 